 highest common divisor of 72775 and 25.
25
Calculate the highest common factor of 11 and 6941.
11
What is the greatest common divisor of 114 and 266?
38
Calculate the greatest common divisor of 234 and 9.
9
What is the highest common divisor of 56 and 952?
56
Calculate the greatest common factor of 19 and 1273.
19
What is the greatest common factor of 138 and 69?
69
What is the greatest common divisor of 375 and 2000?
125
Calculate the highest common factor of 40 and 10310.
10
Calculate the greatest common factor of 530 and 10.
10
What is the greatest common factor of 8 and 60?
4
What is the highest common divisor of 2 and 422?
2
Calculate the highest common factor of 20 and 4.
4
What is the greatest common factor of 245 and 343?
49
Calculate the highest common divisor of 28 and 4942.
14
Calculate the highest common divisor of 204 and 17493.
51
What is the greatest common divisor of 179 and 2?
1
Calculate the highest common divisor of 1616 and 48.
16
What is the highest common divisor of 68 and 8?
4
Calculate the greatest common factor of 456 and 380.
76
Calculate the greatest common factor of 7 and 20.
1
Calculate the highest common divisor of 908 and 2043.
227
Calculate the highest common factor of 2424 and 1010.
202
What is the highest common divisor of 2898 and 126?
126
Calculate the highest common divisor of 75 and 21275.
25
Calculate the highest common divisor of 9270 and 90.
90
What is the greatest common factor of 172 and 602?
86
What is the greatest common factor of 351 and 3051?
27
What is the greatest common divisor of 32 and 1?
1
What is the greatest common factor of 1295 and 35?
35
What is the greatest common divisor of 10 and 490?
10
Calculate the highest common divisor of 2028 and 624.
156
What is the greatest common factor of 528 and 198?
66
What is the highest common divisor of 42415 and 85?
85
What is the highest common divisor of 45 and 115?
5
Calculate the highest common divisor of 2 and 22.
2
What is the greatest common factor of 143 and 234?
13
Calculate the greatest common divisor of 234 and 56.
2
Calculate the greatest common divisor of 1088 and 612.
68
What is the greatest common factor of 21 and 3?
3
What is the highest common divisor of 590 and 30?
10
Calculate the highest common divisor of 40 and 472.
8
Calculate the highest common factor of 8004 and 29.
29
Calculate the highest common factor of 1664 and 26.
26
Calculate the highest common factor of 100 and 9600.
100
Calculate the highest common factor of 15 and 51.
3
Calculate the highest common factor of 180 and 39870.
90
What is the highest common divisor of 5074 and 1548?
86
Calculate the highest common divisor of 16 and 51.
1
What is the highest common divisor of 270 and 160?
10
What is the highest common divisor of 28 and 336?
28
What is the greatest common divisor of 216 and 1809?
27
What is the highest common factor of 1840 and 80?
80
Calculate the greatest common factor of 148 and 259.
37
What is the highest common factor of 109 and 2943?
109
Calculate the greatest common divisor of 114 and 75.
3
Calculate the highest common factor of 36 and 4404.
12
What is the highest common divisor of 2021 and 43?
43
What is the highest common divisor of 279 and 403?
31
Calculate the highest common divisor of 15 and 705.
15
Calculate the greatest common divisor of 20072 and 104.
104
Calculate the highest common factor of 180 and 20.
20
What is the greatest common factor of 142 and 63758?
142
What is the greatest common divisor of 64 and 416?
32
Calculate the greatest common divisor of 256 and 48.
16
Calculate the highest common factor of 770 and 154.
154
Calculate the highest common factor of 581 and 83.
83
What is the greatest common factor of 94 and 3713?
47
Calculate the highest common divisor of 10 and 68590.
10
What is the highest common divisor of 26 and 39?
13
Calculate the greatest common divisor of 120 and 3000.
120
What is the greatest common factor of 150 and 5085?
15
Calculate the highest common factor of 876 and 402.
6
What is the greatest common divisor of 3308 and 4?
4
What is the highest common divisor of 574 and 328?
82
What is the greatest common divisor of 40 and 6620?
20
What is the highest common factor of 297 and 66?
33
Calculate the highest common factor of 452 and 4181.
113
What is the greatest common factor of 54 and 1656?
18
Calculate the greatest common divisor of 189 and 49.
7
Calculate the highest common factor of 154 and 110.
22
Calculate the highest common factor of 56 and 9674.
14
What is the highest common factor of 105 and 2835?
105
Calculate the highest common factor of 7 and 3241.
7
What is the greatest common divisor of 1310 and 10?
10
Calculate the highest common factor of 353 and 1.
1
What is the highest common divisor of 84 and 24?
12
Calculate the greatest common factor of 322 and 736.
46
What is the highest common factor of 64 and 608?
32
Calculate the greatest common factor of 16 and 28.
4
What is the greatest common divisor of 123 and 533?
41
Calculate the greatest common factor of 190 and 10792.
38
What is the highest common factor of 236 and 356?
4
Calculate the highest common divisor of 1392 and 290.
58
What is the greatest common factor of 2896 and 80?
16
What is the highest common divisor of 15 and 39?
3
Calculate the highest common divisor of 31734 and 36.
18
Calculate the greatest common factor of 116 and 29.
29
What is the highest common divisor of 6124 and 4?
4
What is the greatest common divisor of 19 and 2603?
19
What is the highest common divisor of 13 and 67?
1
What is the greatest common divisor of 336 and 65352?
168
Calculate the greatest common factor of 38 and 1140.
38
What is the greatest common divisor of 42 and 952?
14
What is the greatest common divisor of 3 and 2001?
3
What is the greatest common factor of 247 and 26?
13
Calculate the greatest common factor of 35 and 112.
7
Calculate the greatest common divisor of 1067 and 11.
11
What is the greatest common divisor of 24 and 444?
12
Calculate the highest common factor of 304 and 266.
38
What is the highest common factor of 20 and 540?
20
Calculate the greatest common divisor of 21 and 119.
7
What is the highest common divisor of 931 and 245?
49
Calculate the greatest common divisor of 143 and 649.
11
Calculate the highest common divisor of 19184 and 176.
176
Calculate the highest common factor of 9 and 99.
9
What is the highest common divisor of 14 and 6034?
14
What is the highest common factor of 1376 and 16?
16
What is the greatest common factor of 105 and 595?
35
Calculate the greatest common factor of 1755 and 130.
65
What is the highest common factor of 24 and 376?
8
Calculate the highest common factor of 3589 and 37.
37
What is the greatest common divisor of 3570 and 2310?
210
Calculate the greatest common divisor of 57 and 8949.
57
Calculate the highest common factor of 325 and 305.
5
What is the highest common factor of 28 and 1288?
28
What is the greatest common factor of 250 and 40?
10
What is the highest common factor of 352 and 759?
11
What is the greatest common factor of 352 and 506?
22
What is the greatest common divisor of 1333 and 31?
31
What is the greatest common divisor of 3 and 315?
3
What is the highest common divisor of 206 and 2?
2
Calculate the highest common factor of 3628 and 8.
4
What is the greatest common divisor of 88 and 1352?
8
What is the highest common factor of 393 and 3275?
131
What is the greatest common divisor of 208 and 88?
8
What is the greatest common divisor of 2 and 242?
2
What is the greatest common factor of 18 and 1776?
6
What is the highest common factor of 125 and 1?
1
What is the greatest common factor of 540 and 243?
27
Calculate the highest common factor of 484 and 11.
11
Calculate the greatest common divisor of 150 and 19200.
150
What is the greatest common divisor of 4738 and 46?
46
What is the greatest common divisor of 5780 and 20?
20
Calculate the greatest common factor of 26 and 598.
26
What is the highest common factor of 928 and 1760?
32
What is the highest common factor of 23 and 460?
23
Calculate the highest common factor of 280 and 40.
40
Calculate the highest common divisor of 4823 and 21.
7
Calculate the highest common factor of 6 and 258.
6
What is the highest common divisor of 200 an